 10) to base 16.
-3164
Convert 33787 (base 9) to base 10.
22516
42804 (base 12) to base 13
30b11
-22353 (base 8) to base 12
-5577
Convert -10131312 (base 4) to base 13.
-8433
What is -104 (base 15) in base 13?
-148
3889 (base 13) to base 16
1f78
Convert 120122100 (base 3) to base 4.
2302023
Convert -ed (base 16) to base 10.
-237
What is -1000000100000010 (base 2) in base 11?
-228a4
What is -50344 (base 7) in base 11?
-9177
What is 479b (base 12) in base 8?
17547
What is 1310300 (base 4) in base 15?
2332
What is 48114 (base 10) in base 5?
3014424
What is 355 (base 11) in base 3?
120200
1011001001010 (base 2) to base 7
22431
Convert 2612 (base 8) to base 13.
851
-1010100001110101 (base 2) to base 9
-65136
What is 1011010000100 (base 2) in base 15?
1a94
What is 247 (base 12) in base 2?
101010111
2616 (base 7) to base 9
1323
Convert -833 (base 12) to base 10.
-1191
135 (base 13) to base 16
d5
What is -50164 (base 7) in base 8?
-27504
333 (base 4) to base 7
120
What is 2110 (base 7) in base 3?
1000111
Convert -9631 (base 15) to base 8.
-76033
Convert 14 (base 16) to base 5.
40
Convert -3132033 (base 4) to base 11.
-a760
Convert -22723 (base 8) to base 13.
-453b
-1c40 (base 13) to base 11
-3239
What is 221122001 (base 3) in base 11?
13047
-136165 (base 7) to base 12
-13184
Convert 30407 (base 8) to base 4.
3010013
What is 1312234 (base 5) in base 12?
13020
266 (base 16) to base 11
509
-2201323 (base 4) to base 6
-115551
Convert 6010 (base 7) to base 6.
13321
What is 143156 (base 8) in base 15?
100b8
33723 (base 8) to base 16
37d3
Convert 1f9 (base 16) to base 11.
41a
What is -5145 (base 6) in base 16?
-479
Convert -110001101101 (base 2) to base 13.
-15a9
11c90 (base 13) to base 7
164633
-111024 (base 5) to base 12
-2301
-778 (base 13) to base 14
-678
Convert -1082 (base 11) to base 14.
-737
7038 (base 10) to base 7
26343
Convert 112002 (base 3) to base 4.
11330
-87 (base 15) to base 16
-7f
Convert -24224 (base 8) to base 7.
-42200
1351e (base 16) to base 14
20ba6
Convert 250410 (base 6) to base 14.
8126
Convert -9220 (base 10) to base 5.
-243340
-1402233 (base 5) to base 14
-a519
What is 101222 (base 7) in base 5?
1023024
-38382 (base 9) to base 6
-315332
What is -c12 (base 14) in base 7?
-6622
Convert 40310 (base 5) to base 15.
b70
4317 (base 8) to base 13
1046
-42520 (base 6) to base 11
-4400
Convert -1010100112 (base 3) to base 5.
-1202002
707 (base 9) to base 3
210021
What is 145 (base 13) in base 5?
1401
What is -713 (base 14) in base 13?
-82b
What is 3421 (base 8) in base 13?
a92
Convert -1000000011000 (base 2) to base 11.
-3106
What is -24140 (base 5) in base 2?
-11100000011
Convert 5335 (base 6) to base 16.
4bb
-1042 (base 6) to base 7
-464
What is -9de (base 15) in base 12?
-1362
Convert -24e6 (base 16) to base 7.
-36353
-4153 (base 6) to base 16
-3a5
4d7d (base 14) to base 2
11010101000011
222404 (base 5) to base 8
17256
What is -22253 (base 6) in base 9?
-4256
What is 1210122011 (base 3) in base 2?
1000101001111111
Convert 11010100100101 (base 2) to base 7.
54444
101221 (base 4) to base 16
469
-15454 (base 7) to base 15
-1451
What is 15c (base 15) in base 7?
624
What is -59720 (base 10) in base 5?
-3402340
7372 (base 11) to base 12
5793
-4ec (base 16) to base 6
-5500
7a2 (base 13) to base 15
5ca
What is -1110111110 (base 2) in base 8?
-1676
Convert 455 (base 9) to base 5.
2444
Convert 1224 (base 5) to base 15.
c9
What is -1820c (base 13) in base 16?
-b597
What is -1001101110101 (base 2) in base 7?
-20344
-12120212 (base 3) to base 12
-2435
What is -640 (base 12) in base 13?
-552
-1071 (base 8) to base 5
-4234
What is 10f74 (base 16) in base 11?
48235
464 (base 7) to base 10
242
-421 (base 8) to base 14
-157
-2169 (base 10) to base 9
-2870
1100100111100 (base 2) to base 12
38a4
Convert 303303 (base 4) to base 9.
4483
Convert -151113 (base 7) to base 4.
-13020132
11301001 (base 4) to base 12
11801
What is 1127 (base 8) in base 9?
735
-321444 (base 5) to base 4
-2221322
Convert -1862 (base 11) to base 13.
-1101
97 (base 16) to base 8
227
Convert 2232 (base 6) to base 9.
642
112100022 (base 3) to base 14
3b4d
Convert -11100111111 (base 2) to base 4.
-130333
Convert -e4c (base 16) to base 4.
-321030
What is -2326 (base 10) in base 9?
-3164
What is 10654 (base 7) in base 14?
dd4
198 (base 14) to base 8
512
What is 31311 (base 5) in base 15?
93b
3152 (base 6) to base 15
32b
-8a0 (base 16) to base 4
-202200
-1300 (base 8) to base 16
-2c0
Convert 300 (base 14) to base 15.
293
-4571a (base 12) to base 5
-10430424
Convert 121311 (base 4) to base 14.
861
What is -57b (base 12) in base 2?
-1100101111
What is -81 (base 9) in base 13?
-58
What is 11211 (base 9) in base 16?
1d26
What is -1100112 (base 3) in base 10?
-986
Convert -203510 (base 6) to base 14.
-5d86
Convert 27 (base 16) to base 8.
47
What is 2143 (base 10) in base 6?
13531
What is 2106 (base 8) in base 7?
3122
Convert 1145 (base 6) to base 7.
551
-1024 (base 6) to base 15
-107
What is -2000222 (base 4) in base 12?
-4922
What is -4341 (base 8) in base 12?
-1395
Convert -102211220 (base 3) to base 4.
-2012331
What is -4a9 (base 12) in base 2?
-1011000001
What is -8334 (base 9) in base 12?
-364a
What is -21644 (base 11) in base 9?
-47044
Convert -21252 (base 6) to base 15.
-ce2
-200112202 (base 3) to base 16
-34d0
What is -99c3 (base 15) in base 7?
-163665
2d2 (base 15) to base 16
287
111110010 (base 2) to base 7
1311
1a6 (base 13) to base 3
102022
Convert -10110000111000 (base 2) to base 15.
-354a
What is 1010110000 (base 2) in base 4?
22300
-5b (base 13) to base 16
-4c
Convert 1110010100101100 (base 2) to base 14.
17548
Convert 3732 (base 8) to base 5.
31020
99e (base 15) to base 12
1312
Convert -12dc1 (base 14) to base 11.
-32033
-2102110212 (base 3) to base 6
-1004552
Convert -313 (base 11) to base 2.
-101111001
Convert -122401 (base 6) to base 8.
-25301
11010111010 (base 2) to base 13
a26
-10140 (base 5) to base 10
-670
-150b (base 13) to base 5
-44203
-217 (base 11) to base 9
-318
Convert 14212 (base 5) to base 12.
826
-11341 (base 5) to base 13
-501
What is -1773a (base 12) in base 9?
-51431
-15a8 (base 11) to base 4
-200012
What is -133e (base 16) in base 15?
-16d6
-111001111010100 (base 2) to base 3
-1111200020
-443 (base 11) to base 16
-213
Convert 52a (base 11) to base 3.
212121
What is -4013 (base 5) in base 11?
-422
261 (base 11) to base 2
100110101
What is 20121122 (base 4) in base 6?
423122
ee (base 15) to base 2
11100000
74a2 (base 13) to base 3
211012112
Convert 102100 (base 6) to base 8.
20064
242 (base 9) to base 8
310
What is -44235 (base 8) in base 16?
-489d
What is -395 (base 11) in base 5?
-3332
-a3 (base 16) to base 2
-10100011
Convert 1177 (base 11) to base 14.
7ba
What is 1856 (base 9) in base 16?
594
Convert -19402 (base 12) to base 16.
-9002
What is -1405 (base 16) in base 11?
-393a
What is -2241 (base 7) in base 11?
-67a
What is -3935 (base 14) in base 16?
-273b
Convert -335d (base 14) to base 3.
-110012202
20403 (base 9) to base 3
200110010
What is 18a02 (base 11) in base 10?
26501
-12110210 (base 3) to base 15
-12b0
What is 1a18 (base 15) in base 13?
2756
What is 33121 (base 5) in base 12?
13a6
34640 (base 10) to base 11
24031
What is -123116 (base 7) in base 14?
-83b6
What is -1d0 (base 15) in base 4?
-12210
What is 107 (base 13) in base 3?
20112
What is 12201102 (base 3) in base 13?
1b89
354 (base 15) to base 2
1011110010
What is -10012211 (base 3) in base 15?
-a64
Convert -100101101100 (base 2) to base 7.
-10014
-2aeb (base 16) to base 10
-10987
What is 1661 (base 16) in base 10?
5729
1005 (base 7) to base 6
1340
-47b (base 14) to base 5
-12033
Convert 202110 (base 3) to base 2.
1000101000
5511 (base 11) to base 12
4260
120220202 (base 3) to base 16
2d53
Convert 12386 (base 10) to base 3.
121222202
What is 23400 (base 5) in base 10?
1725
Convert -13717 (base 9) to base 8.
-22163
What is -112 (base 6) in base 13?
-35
What is -117 (base 15) in base 16?
-f7
Convert -131753 (base 8) to base 13.
-17c70
Convert -130030 (base 4) to base 13.
-a8a
64514 (base 7) to base 11
11057
Convert -1021123 (base 4) to base 12.
-2877
What is -2353 (base 8) in base 7?
-3446
3103 (base 5) to base 11
337
Convert -200121112 (base 3) to base 13.
-6239
122010 (base 3) to base 14
25